{"id":325,"date":"2020-09-13T20:01:54","date_gmt":"2020-09-13T20:01:54","guid":{"rendered":"https:\/\/vilcar.ee\/pood\/?post_type=product&#038;p=325"},"modified":"2020-09-14T12:39:35","modified_gmt":"2020-09-14T12:39:35","slug":"fly-racing-kinetic-k220-kindad","status":"publish","type":"product","link":"https:\/\/vilcar.ee\/pood\/tooted\/fly-racing-kinetic-k220-kindad\/","title":{"rendered":"Fly Racing Kinetic K220 Kindad"},"content":{"rendered":"","protected":false},"excerpt":{"rendered":"<div class=\"woocommerce-product-details__short-description\">\n<p>Minimalistlik, piiramatu kaitse ja haardega kinnas, mis ei vea sind kunagi alt. Kaitsev ja mugava istuvusega, mis sobib ideaalselt igale s\u00f5idustiilile.<\/p>\n<p>Pehme ja paindlik kinnas, mis tagab \u00f5huliikuvuse, et hoida \u00e4ra niiskuse teket. Topeltkaitse peopesas ja p\u00f6idlal, et tagada maksimaalne turvalisus. S\u00f5rmeotsi katab silikoon, et hoida haarduvust s\u00f5ites.<\/p>\n<\/div>\n","protected":false},"featured_media":326,"comment_status":"open","ping_status":"closed","template":"","meta":[],"class_list":["post-325","product","type-product","status-publish","has-post-thumbnail","hentry","product_cat-kindad","product_cat-krossivarustus","align-left","box-shadow-0","box-shadow-2-hover","ast-product-gallery-layout-horizontal","ast-product-tabs-layout-horizontal"],"yoast_head":"<!-- This site is optimized with the Yoast SEO plugin v14.9 - https:\/\/yoast.com\/wordpress\/plugins\/seo\/ -->\n<title>Fly Racing Kinetic K220 Kindad - Vilcar Auto<\/title>\n<meta name=\"description\" content=\"Fly Racing Kinetic K220 Kindad. Minimalistlik, piiramatu kaitse ja haardega kinnas, mis ei vea sind kunagi alt.\" \/>\n<meta name=\"robots\" content=\"index, follow, max-snippet:-1, max-image-preview:large, max-video-preview:-1\" \/>\n<link rel=\"canonical\" href=\"https:\/\/vilcar.ee\/pood\/tooted\/fly-racing-kinetic-k220-kindad\/\" \/>\n<meta property=\"og:locale\" content=\"et_EE\" \/>\n<meta property=\"og:type\" content=\"article\" \/>\n<meta property=\"og:title\" content=\"Fly Racing Kinetic K220 Kindad - Vilcar Auto\" \/>\n<meta property=\"og:description\" content=\"Fly Racing Kinetic K220 Kindad. Minimalistlik, piiramatu kaitse ja haardega kinnas, mis ei vea sind kunagi alt.\" \/>\n<meta property=\"og:url\" content=\"https:\/\/vilcar.ee\/pood\/tooted\/fly-racing-kinetic-k220-kindad\/\" \/>\n<meta property=\"og:site_name\" content=\"Vilcar Auto\" \/>\n<meta property=\"article:modified_time\" content=\"2020-09-14T12:39:35+00:00\" \/>\n<meta property=\"og:image\" content=\"https:\/\/vilcar.ee\/pood\/wp-content\/uploads\/2020\/09\/kinetick220redblack.jpg\" \/>\n\t<meta property=\"og:image:width\" content=\"480\" \/>\n\t<meta property=\"og:image:height\" content=\"480\" \/>\n<meta name=\"twitter:card\" content=\"summary_large_image\" \/>\n<script type=\"application\/ld+json\" class=\"yoast-schema-graph\">{\"@context\":\"https:\/\/schema.org\",\"@graph\":[{\"@type\":\"WebSite\",\"@id\":\"https:\/\/vilcar.ee\/pood\/#website\",\"url\":\"https:\/\/vilcar.ee\/pood\/\",\"name\":\"Vilcar Auto\",\"description\":\"veebipood\",\"potentialAction\":[{\"@type\":\"SearchAction\",\"target\":\"https:\/\/vilcar.ee\/pood\/?s={search_term_string}\",\"query-input\":\"required name=search_term_string\"}],\"inLanguage\":\"et\"},{\"@type\":\"ImageObject\",\"@id\":\"https:\/\/vilcar.ee\/pood\/tooted\/fly-racing-kinetic-k220-kindad\/#primaryimage\",\"inLanguage\":\"et\",\"url\":\"https:\/\/vilcar.ee\/pood\/wp-content\/uploads\/2020\/09\/kinetick220redblack.jpg\",\"width\":480,\"height\":480,\"caption\":\"Fly Racing Kinetic K220 Kindad\"},{\"@type\":\"WebPage\",\"@id\":\"https:\/\/vilcar.ee\/pood\/tooted\/fly-racing-kinetic-k220-kindad\/#webpage\",\"url\":\"https:\/\/vilcar.ee\/pood\/tooted\/fly-racing-kinetic-k220-kindad\/\",\"name\":\"Fly Racing Kinetic K220 Kindad - Vilcar Auto\",\"isPartOf\":{\"@id\":\"https:\/\/vilcar.ee\/pood\/#website\"},\"primaryImageOfPage\":{\"@id\":\"https:\/\/vilcar.ee\/pood\/tooted\/fly-racing-kinetic-k220-kindad\/#primaryimage\"},\"datePublished\":\"2020-09-13T20:01:54+00:00\",\"dateModified\":\"2020-09-14T12:39:35+00:00\",\"description\":\"Fly Racing Kinetic K220 Kindad. Minimalistlik, piiramatu kaitse ja haardega kinnas, mis ei vea sind kunagi alt.\",\"inLanguage\":\"et\",\"potentialAction\":[{\"@type\":\"ReadAction\",\"target\":[\"https:\/\/vilcar.ee\/pood\/tooted\/fly-racing-kinetic-k220-kindad\/\"]}]}]}<\/script>\n<!-- \/ Yoast SEO plugin. -->","_links":{"self":[{"href":"https:\/\/vilcar.ee\/pood\/wp-json\/wp\/v2\/product\/325","targetHints":{"allow":["GET"]}}],"collection":[{"href":"https:\/\/vilcar.ee\/pood\/wp-json\/wp\/v2\/product"}],"about":[{"href":"https:\/\/vilcar.ee\/pood\/wp-json\/wp\/v2\/types\/product"}],"replies":[{"embeddable":true,"href":"https:\/\/vilcar.ee\/pood\/wp-json\/wp\/v2\/comments?post=325"}],"wp:featuredmedia":[{"embeddable":true,"href":"https:\/\/vilcar.ee\/pood\/wp-json\/wp\/v2\/media\/326"}],"wp:attachment":[{"href":"https:\/\/vilcar.ee\/pood\/wp-json\/wp\/v2\/media?parent=325"}],"curies":[{"name":"wp","href":"https:\/\/api.w.org\/{rel}","templated":true}]}}