{"id":263,"date":"2020-09-13T18:00:15","date_gmt":"2020-09-13T18:00:15","guid":{"rendered":"https:\/\/vilcar.ee\/pood\/?post_type=product&#038;p=263"},"modified":"2020-09-13T18:00:15","modified_gmt":"2020-09-13T18:00:15","slug":"fly-racing-f-16-2020-sark","status":"publish","type":"product","link":"https:\/\/vilcar.ee\/pood\/tooted\/fly-racing-f-16-2020-sark\/","title":{"rendered":"Fly Racing F-16 2020 S\u00e4rk"},"content":{"rendered":"","protected":false},"excerpt":{"rendered":"<p><span style=\"font-weight: 400\">Fly Racing F-16 s\u00e4rki tehes on r\u00f5hku pandud mugavusele. <\/span><\/p>\n<p><span style=\"font-weight: 400\">Disainitud pehmest ja kergest pol\u00fcmeerist, tagades maksimaalse mugavuse rajal. <\/span><\/p>\n<p><span style=\"font-weight: 400\">Elastsed pehmendused s\u00e4rgis aitavad ennetada vigastusi ja pehme spordikrae aitab \u00e4ra hoida h\u00f5\u00f5rumist.\u00a0<\/span><\/p>\n","protected":false},"featured_media":264,"comment_status":"open","ping_status":"closed","template":"","meta":[],"class_list":["post-263","product","type-product","status-publish","has-post-thumbnail","hentry","product_cat-krossivarustus","product_cat-sargid","align-left","box-shadow-0","box-shadow-2-hover","ast-product-gallery-layout-horizontal","ast-product-tabs-layout-horizontal"],"yoast_head":"<!-- This site is optimized with the Yoast SEO plugin v14.9 - https:\/\/yoast.com\/wordpress\/plugins\/seo\/ -->\n<title>Fly Racing F-16 2020 S\u00e4rk - Vilcar Auto<\/title>\n<meta name=\"description\" content=\"Fly Racing F-16 2020 s\u00e4rk. S\u00e4rki tehes on r\u00f5hku pandud mugavusele. Disainitud pehmest ja kergest pol\u00fcmeerist, tagades maksimaalse mugavuse.\" \/>\n<meta name=\"robots\" content=\"index, follow, max-snippet:-1, max-image-preview:large, max-video-preview:-1\" \/>\n<link rel=\"canonical\" href=\"https:\/\/vilcar.ee\/pood\/tooted\/fly-racing-f-16-2020-sark\/\" \/>\n<meta property=\"og:locale\" content=\"et_EE\" \/>\n<meta property=\"og:type\" content=\"article\" \/>\n<meta property=\"og:title\" content=\"Fly Racing F-16 2020 S\u00e4rk - Vilcar Auto\" \/>\n<meta property=\"og:description\" content=\"Fly Racing F-16 2020 s\u00e4rk. S\u00e4rki tehes on r\u00f5hku pandud mugavusele. Disainitud pehmest ja kergest pol\u00fcmeerist, tagades maksimaalse mugavuse.\" \/>\n<meta property=\"og:url\" content=\"https:\/\/vilcar.ee\/pood\/tooted\/fly-racing-f-16-2020-sark\/\" \/>\n<meta property=\"og:site_name\" content=\"Vilcar Auto\" \/>\n<meta property=\"og:image\" content=\"https:\/\/vilcar.ee\/pood\/wp-content\/uploads\/2020\/09\/fly-racing-f-16-red.jpg\" \/>\n\t<meta property=\"og:image:width\" content=\"440\" \/>\n\t<meta property=\"og:image:height\" content=\"440\" \/>\n<meta name=\"twitter:card\" content=\"summary_large_image\" \/>\n<script type=\"application\/ld+json\" class=\"yoast-schema-graph\">{\"@context\":\"https:\/\/schema.org\",\"@graph\":[{\"@type\":\"WebSite\",\"@id\":\"https:\/\/vilcar.ee\/pood\/#website\",\"url\":\"https:\/\/vilcar.ee\/pood\/\",\"name\":\"Vilcar Auto\",\"description\":\"veebipood\",\"potentialAction\":[{\"@type\":\"SearchAction\",\"target\":\"https:\/\/vilcar.ee\/pood\/?s={search_term_string}\",\"query-input\":\"required name=search_term_string\"}],\"inLanguage\":\"et\"},{\"@type\":\"ImageObject\",\"@id\":\"https:\/\/vilcar.ee\/pood\/tooted\/fly-racing-f-16-2020-sark\/#primaryimage\",\"inLanguage\":\"et\",\"url\":\"https:\/\/vilcar.ee\/pood\/wp-content\/uploads\/2020\/09\/fly-racing-f-16-red.jpg\",\"width\":440,\"height\":440,\"caption\":\"Fly Racing F-16 2020 S\\u00e4rk\"},{\"@type\":\"WebPage\",\"@id\":\"https:\/\/vilcar.ee\/pood\/tooted\/fly-racing-f-16-2020-sark\/#webpage\",\"url\":\"https:\/\/vilcar.ee\/pood\/tooted\/fly-racing-f-16-2020-sark\/\",\"name\":\"Fly Racing F-16 2020 S\\u00e4rk - Vilcar Auto\",\"isPartOf\":{\"@id\":\"https:\/\/vilcar.ee\/pood\/#website\"},\"primaryImageOfPage\":{\"@id\":\"https:\/\/vilcar.ee\/pood\/tooted\/fly-racing-f-16-2020-sark\/#primaryimage\"},\"datePublished\":\"2020-09-13T18:00:15+00:00\",\"dateModified\":\"2020-09-13T18:00:15+00:00\",\"description\":\"Fly Racing F-16 2020 s\\u00e4rk. S\\u00e4rki tehes on r\\u00f5hku pandud mugavusele. Disainitud pehmest ja kergest pol\\u00fcmeerist, tagades maksimaalse mugavuse.\",\"inLanguage\":\"et\",\"potentialAction\":[{\"@type\":\"ReadAction\",\"target\":[\"https:\/\/vilcar.ee\/pood\/tooted\/fly-racing-f-16-2020-sark\/\"]}]}]}<\/script>\n<!-- \/ Yoast SEO plugin. -->","_links":{"self":[{"href":"https:\/\/vilcar.ee\/pood\/wp-json\/wp\/v2\/product\/263","targetHints":{"allow":["GET"]}}],"collection":[{"href":"https:\/\/vilcar.ee\/pood\/wp-json\/wp\/v2\/product"}],"about":[{"href":"https:\/\/vilcar.ee\/pood\/wp-json\/wp\/v2\/types\/product"}],"replies":[{"embeddable":true,"href":"https:\/\/vilcar.ee\/pood\/wp-json\/wp\/v2\/comments?post=263"}],"wp:featuredmedia":[{"embeddable":true,"href":"https:\/\/vilcar.ee\/pood\/wp-json\/wp\/v2\/media\/264"}],"wp:attachment":[{"href":"https:\/\/vilcar.ee\/pood\/wp-json\/wp\/v2\/media?parent=263"}],"curies":[{"name":"wp","href":"https:\/\/api.w.org\/{rel}","templated":true}]}}