{"id":208,"date":"2020-09-09T12:55:13","date_gmt":"2020-09-09T12:55:13","guid":{"rendered":"https:\/\/vilcar.ee\/pood\/?post_type=product&#038;p=208"},"modified":"2021-07-19T16:58:09","modified_gmt":"2021-07-19T16:58:09","slug":"alpinestars-racer-braap-sark","status":"publish","type":"product","link":"https:\/\/vilcar.ee\/pood\/tooted\/alpinestars-racer-braap-sark\/","title":{"rendered":"Alpinestars Racer Braap S\u00e4rk"},"content":{"rendered":"","protected":false},"excerpt":{"rendered":"<p><span style=\"font-weight: 400\">Alpinestar Racer kollektsioon on l\u00e4binud disainilise evolutsiooni, esitledes uut Racer Tech kollektsiooni. Uus disain ja materjalid tagavad maksimaalse soorituse ja s\u00f5idumugavuse. Kerge s\u00e4rk on tehtud painduvast pol\u00fcmeerist, et tagada t\u00e4ielik liikuvus ning istuvus p\u00fckste sees.<\/span><\/p>\n","protected":false},"featured_media":219,"comment_status":"open","ping_status":"closed","template":"","meta":[],"class_list":["post-208","product","type-product","status-publish","has-post-thumbnail","hentry","product_cat-krossivarustus","product_cat-sargid","align-left","box-shadow-0","box-shadow-2-hover","ast-product-gallery-layout-horizontal","ast-product-tabs-layout-horizontal"],"yoast_head":"<!-- This site is optimized with the Yoast SEO plugin v14.9 - https:\/\/yoast.com\/wordpress\/plugins\/seo\/ -->\n<title>Alpinestars Racer Braap S\u00e4rk - Vilcar Auto<\/title>\n<meta name=\"description\" content=\"Alpinestars Racer kollektsioon on l\u00e4binud disainilise evolutsiooni. Uus disain ja materjalid tagavad maksimaalse soorituse ja s\u00f5idumugavuse.\" \/>\n<meta name=\"robots\" content=\"index, follow, max-snippet:-1, max-image-preview:large, max-video-preview:-1\" \/>\n<link rel=\"canonical\" href=\"https:\/\/vilcar.ee\/pood\/tooted\/alpinestars-racer-braap-sark\/\" \/>\n<meta property=\"og:locale\" content=\"et_EE\" \/>\n<meta property=\"og:type\" content=\"article\" \/>\n<meta property=\"og:title\" content=\"Alpinestars Racer Braap S\u00e4rk - Vilcar Auto\" \/>\n<meta property=\"og:description\" content=\"Alpinestars Racer kollektsioon on l\u00e4binud disainilise evolutsiooni. Uus disain ja materjalid tagavad maksimaalse soorituse ja s\u00f5idumugavuse.\" \/>\n<meta property=\"og:url\" content=\"https:\/\/vilcar.ee\/pood\/tooted\/alpinestars-racer-braap-sark\/\" \/>\n<meta property=\"og:site_name\" content=\"Vilcar Auto\" \/>\n<meta property=\"article:modified_time\" content=\"2021-07-19T16:58:09+00:00\" \/>\n<meta property=\"og:image\" content=\"https:\/\/vilcar.ee\/pood\/wp-content\/uploads\/2020\/09\/Braap.navyblue.jpg\" \/>\n\t<meta property=\"og:image:width\" content=\"1200\" \/>\n\t<meta property=\"og:image:height\" content=\"1200\" \/>\n<meta name=\"twitter:card\" content=\"summary_large_image\" \/>\n<script type=\"application\/ld+json\" class=\"yoast-schema-graph\">{\"@context\":\"https:\/\/schema.org\",\"@graph\":[{\"@type\":\"WebSite\",\"@id\":\"https:\/\/vilcar.ee\/pood\/#website\",\"url\":\"https:\/\/vilcar.ee\/pood\/\",\"name\":\"Vilcar Auto\",\"description\":\"veebipood\",\"potentialAction\":[{\"@type\":\"SearchAction\",\"target\":\"https:\/\/vilcar.ee\/pood\/?s={search_term_string}\",\"query-input\":\"required name=search_term_string\"}],\"inLanguage\":\"et\"},{\"@type\":\"ImageObject\",\"@id\":\"https:\/\/vilcar.ee\/pood\/tooted\/alpinestars-racer-braap-sark\/#primaryimage\",\"inLanguage\":\"et\",\"url\":\"https:\/\/vilcar.ee\/pood\/wp-content\/uploads\/2020\/09\/Braap.navyblue.jpg\",\"width\":1200,\"height\":1200,\"caption\":\"Alpinestars Racer Braap s\\u00e4rk\"},{\"@type\":\"WebPage\",\"@id\":\"https:\/\/vilcar.ee\/pood\/tooted\/alpinestars-racer-braap-sark\/#webpage\",\"url\":\"https:\/\/vilcar.ee\/pood\/tooted\/alpinestars-racer-braap-sark\/\",\"name\":\"Alpinestars Racer Braap S\\u00e4rk - Vilcar Auto\",\"isPartOf\":{\"@id\":\"https:\/\/vilcar.ee\/pood\/#website\"},\"primaryImageOfPage\":{\"@id\":\"https:\/\/vilcar.ee\/pood\/tooted\/alpinestars-racer-braap-sark\/#primaryimage\"},\"datePublished\":\"2020-09-09T12:55:13+00:00\",\"dateModified\":\"2021-07-19T16:58:09+00:00\",\"description\":\"Alpinestars Racer kollektsioon on l\\u00e4binud disainilise evolutsiooni. Uus disain ja materjalid tagavad maksimaalse soorituse ja s\\u00f5idumugavuse.\",\"inLanguage\":\"et\",\"potentialAction\":[{\"@type\":\"ReadAction\",\"target\":[\"https:\/\/vilcar.ee\/pood\/tooted\/alpinestars-racer-braap-sark\/\"]}]}]}<\/script>\n<!-- \/ Yoast SEO plugin. -->","_links":{"self":[{"href":"https:\/\/vilcar.ee\/pood\/wp-json\/wp\/v2\/product\/208","targetHints":{"allow":["GET"]}}],"collection":[{"href":"https:\/\/vilcar.ee\/pood\/wp-json\/wp\/v2\/product"}],"about":[{"href":"https:\/\/vilcar.ee\/pood\/wp-json\/wp\/v2\/types\/product"}],"replies":[{"embeddable":true,"href":"https:\/\/vilcar.ee\/pood\/wp-json\/wp\/v2\/comments?post=208"}],"wp:featuredmedia":[{"embeddable":true,"href":"https:\/\/vilcar.ee\/pood\/wp-json\/wp\/v2\/media\/219"}],"wp:attachment":[{"href":"https:\/\/vilcar.ee\/pood\/wp-json\/wp\/v2\/media?parent=208"}],"curies":[{"name":"wp","href":"https:\/\/api.w.org\/{rel}","templated":true}]}}